 y.
1
Suppose 3*r + 39 = -4*t + 125, -3*r = 5*t - 109. Let y = 191 - 99. Calculate the highest common divisor of t and y.
23
Suppose -3*j = -90 - 45. Let q(m) = 6*m + 47. Let t be q(-7). Suppose -t*s - 3*w = -j, 4*s = -2*w - 0*w + 38. What is the greatest common divisor of 60 and s?
12
Let t be (60/14)/(2/14). Suppose -2*i - 38 = -5*n + 28, -3*n - i + 33 = 0. What is the greatest common factor of t and n?
6
Let k be 631 - ((6 - -12) + -11). What is the greatest common factor of 39 and k?
39
Let y be (-2)/28*2 - 32385/(-119). What is the greatest common divisor of 238 and y?
34
Let w = -297 + 396. Suppose 44 = -5*x + 9*x. Calculate the greatest common divisor of w and x.
11
Let m(h) = h**3 - 5*h**2 + 5*h - 11. Let t be m(5). Suppose -2*c = t - 146. What is the greatest common divisor of 6 and c?
6
Let a = -20 - -22. Suppose 4*i - k = 53, i - 2*k - 2 = a*k. Suppose -2*v = -i + 4. Calculate the greatest common factor of v and 1.
1
Let u(l) = -2*l**2 - 35*l - 14. Let s be u(-6). Let o = s - 92. Calculate the greatest common divisor of o and 96.
32
Suppose 16208 + 5136 = 32*j. What is the greatest common divisor of 29 and j?
29
Suppose 4*a - 18 - 618 = 0. Let b be ((-12)/(6 + -3))/(-2) + a. What is the highest common factor of b and 23?
23
Let x(i) = -i**2 - 10*i + 4. Let p be x(-6). Suppose -f + 10 = 2. What is the greatest common divisor of p and f?
4
Let b = -12 + 35. Let x = -19 + b. Suppose 5*c - x*c - 52 = 0. Calculate the greatest common divisor of 26 and c.
26
Let w = -173 - -239. Suppose 209 = 5*j - 11. Calculate the highest common divisor of w and j.
22
Suppose 10*y - 382 - 1368 = 0. Let a = 109 - 84. Calculate the greatest common factor of y and a.
25
Suppose 35*q + 1436 = 11831. What is the highest common divisor of 27 and q?
27
Suppose -5*f + 119 = 7*k - 6*k, -4*f + k = -97. Calculate the greatest common divisor of f and 114.
6
Let u be (27*1)/((-54)/(-12) - 3). Suppose 6*r - 45 = 5*r. Calculate the greatest common factor of u and r.
9
Let g be (-77 - 1)/(62/(-31)). What is the greatest common divisor of 26 and g?
13
Let h = -48 + 37. Let y be 1044/66 + (-2)/h. What is the greatest common factor of y and 112?
16
Suppose 2289 = 9*z + 777. What is the greatest common divisor of 21 and z?
21
Let x(t) = 68*t - 294. Let f be x(12). Calculate the highest common divisor of 54 and f.
18
Let l be ((-168)/35)/((-4)/10). Suppose -621 = -l*z + 9*z. What is the highest common factor of 23 and z?
23
Let a(t) = 2*t**2 - 21*t + 83. Let g be a(7). Calculate the greatest common factor of g and 8.
2
Let k be (1 + -2)/(6/(-30)). Suppose 4*a + 4*n = 2*a + 12, -k*n + 9 = a. Calculate the highest common factor of 4 and a.
4
Let b = 126 - 206. Let u = b + 99. What is the highest common factor of u and 171?
19
Let j be (-2 - (8 + -8))/(1*-1). What is the highest common divisor of 64 and j?
2
Let x = 72 + -61. Let k = -10 - -13. Suppose 2*i = -4*r + i + 181, -147 = -k*r - 3*i. What is the highest common factor of x and r?
11
Let b be ((-3)/(-6))/(1/54). Suppose -b = -2*a - a. Suppose 3*z - 5*t = 307, 4*z + 3*t - 390 = -0*z. What is the greatest common factor of z and a?
9
Let z be 27/9 + (3 - 2) - 0. Calculate the greatest common divisor of 8 and z.
4
Suppose -41*w + 262 = -722. What is the highest common factor of w and 51?
3
Suppose 5 + 10 = p. Suppose p*i = 17*i - 38. Calculate the greatest common factor of 38 and i.
19
Suppose -506 = -2*i - 2*b + 3*b, 0 = 5*b. Calculate the highest common divisor of 33 and i.
11
Let g be 5/(-2)*(-12)/15. Suppose g*u + 171 = 2*p + 575, -u - p = -194. What is the greatest common factor of u and 18?
18
Let w be (88/20)/((-1)/(-5)). Suppose -w*p = -17*p - 625. Suppose 2*i = 4*i - 4*g - 54, 0 = -5*g - 5. Calculate the highest common factor of i and p.
25
Let n(y) be the second derivative of -y**3 - 11*y**2 + 24*y. Let l be n(-7). What is the greatest common factor of l and 180?
20
Let p = -1316 + 1332. Calculate the greatest common factor of p and 116.
4
Suppose -3*w - 50 = 58. Let s = w + 60. Suppose 3*m = -0 + s. What is the highest common divisor of 1 and m?
1
Let c be (-2)/11 + 20155/319. Calculate the greatest common divisor of 36 and c.
9
Suppose -60 = -c - 4*c. Let q be (2 + -1)*1*185. Let j = 281 - q. What is the greatest common factor of c and j?
12
Suppose 0 = z + 2*g - 90, -3*z + 0*z + 270 = 2*g. Calculate the highest common divisor of z and 18.
18
Let u = 47 + -33. Let i be u - (-5)/(10/(-6)). What is the highest common divisor of 1 and i?
1
Suppose -5*p = 4*o - 3*o - 960, 4*p - 2*o - 768 = 0. Suppose 6*c = 564 + p. Calculate the highest common factor of c and 14.
14
Let a(p) = -p**3 - p**2 + 2*p - 2. Let o be a(-3). Suppose -30 = 2*i - 3*x - 29, -5*i + 2*x = -14. What is the greatest common factor of o and i?
2
Let p = 127 - 188. Let r = p + 124. What is the greatest common factor of 21 and r?
21
Let w(n) = n**2 + 4*n - 15. Let z be w(-9). Let k = -147 - -387. What is the greatest common divisor of k and z?
30
Let i(o) = o**2 + 4*o + 4. Let d be i(-5). Suppose 39*u = 25*u + 126. What is the greatest common divisor of u and d?
9
Suppose -9*g + 277 = -812. Suppose 8*f + 11 = 99. Calculate the greatest common divisor of f and g.
11
Suppose 5*i = 4 - 29. Let t be 32/(-2) + (-5)/i. Let z be (-1)/((t/42)/5). Calculate the greatest common divisor of z and 154.
14
Let d be 1*(6 + 94 + 0 + -4). Calculate the highest common divisor of d and 360.
24
Suppose -a + 22 = 3*z, 5*z + 2*a - 40 = -3*a. Suppose -11*h + z + 224 = 0. What is the greatest common divisor of h and 35?
7
Suppose -2*c - 23 = -239. Suppose 2 = 5*a - c. Suppose -a + 6 = -r. Calculate the highest common divisor of 128 and r.
16
Suppose -f + 2*h + 2 = 0, -3*h = -3*f + 4 + 2. Let o be f + 680/(-4 - -9). What is the highest common factor of o and 23?
23
Let j = 1159 - 1139. Calculate the greatest common divisor of 400 and j.
20
Let y(l) = 2*l + 1 - 12*l**2 + 1 + 1 + 13*l**2. Let t be y(-2). Suppose t*i + 78 = 4*p, -3*p - 2*p = 2*i - 109. What is the highest common factor of 3 and p?
3
Suppose 6*b = 3*b + 15. What is the highest common factor of b and 11?
1
Suppose -3*r - 3*c + 5*c + 88 = 0, 0 = 4*r + 4*c - 104. What is the highest common divisor of 238 and r?
14
Let h = -73 - -126. Let j = h + -42. Calculate the highest common divisor of j and 22.
11
Let f(v) = -2*v - 14. Let i be f(-7). Suppose -6*p + 14*p - 208 = i. Calculate the highest common factor of 65 and p.
13
Let q(u) = -2*u**2 - 25*u + 20. Let a be q(-12). What is the greatest common factor of a and 1120?
32
Let g = 601 + -592. What is the highest common factor of g and 7?
1
Suppose 30 = -27*c + 32*c. Suppose -5*f = -3*f - 2. Suppose 3*d = 4*p - 99, 3 + f = -4*d. What is the greatest common divisor of c and p?
6
Let d(u) = u**2 + 16*u + 9. Let i be d(-14). Let h = i - -51. Let j(o) = 44*o**3 + o**2 - 2*o. Let k be j(2). What is the greatest common factor of h and k?
32
Suppose h - 4*c = 28, -5*c = 3*h + 2 - 1. Let n(f) = 3*f - 1. Let q be n(-9). Let d be (-40)/q - 8/(-14). Calculate the highest common divisor of d and h.
2
Let r(g) = -21*g**3 - 7*g**2 - 13*g + 8. Let s be r(-6). Calculate the greatest common divisor of 38 and s.
38
Suppose -u + 5*u = -5*l + 86, 2*u - 5*l - 58 = 0. Calculate the greatest common divisor of 36 and u.
12
Suppose -i = j - 6*j + 31, 5*j - 5*i - 35 = 0. Let o = j - 4. Suppose 3*y + 2*m = 4*y - 44, -5*y = -o*m - 204. What is the greatest common factor of 5 and y?
5
Let p(v) = -v**3 + 22*v**2 + 14*v - 260. Let n be p(21). What is the greatest common divisor of n and 75?
25
Let p = -29 - -31. Suppose 5*x - 15 = 5*g, 4*g = 3*x - p*x - 6. Calculate the highest common divisor of x and 6.
2
Let y be (-6)/30 + (-251)/(-5). Suppose 0 = -2*w + 2 + 38. Calculate the greatest common factor of y and w.
10
Let f = -6 - -34. Let x = f + -15. Let q be 1 + (1 - -2) + x. What is the highest common factor of 187 and q?
17
Suppose -3*u + 280 = p + 4*p, -3*u = -4*p + 224. Calculate the highest common factor of p and 112.
56
Suppose 3*o + 6 = -3. Let a be (4/(-4) - -3) + o. Let s be 7/(a/16*-4). What is the highest common divisor of 4 and s?
4
Suppose 5*q - 105 = -5*u, -5*u - 3*q + 15 + 76 = 0. Suppose -p + 13 = y, -3*y + 0*p + 46 = -4*p. Calculate the greatest common divisor of y and u.
14
Let